{"id":469,"date":"2021-09-22T17:43:46","date_gmt":"2021-09-22T15:43:46","guid":{"rendered":"https:\/\/compagnielela.re\/?page_id=469"},"modified":"2026-01-15T18:52:56","modified_gmt":"2026-01-15T14:52:56","slug":"pinocchio-21","status":"publish","type":"page","link":"https:\/\/compagnielela.re\/?page_id=469","title":{"rendered":"Pinocchio 21"},"content":{"rendered":"\n<h2 class=\"wp-block-heading\" id=\"pinocchio-xxi-d-antoine-chalard\"><strong>PINOCCHIO 21  d&rsquo;Antoine Chalard<\/strong><\/h2>\n\n\n\n<figure class=\"wp-block-embed is-type-video is-provider-youtube wp-block-embed-youtube wp-embed-aspect-16-9 wp-has-aspect-ratio\"><div class=\"wp-block-embed__wrapper\">\n<iframe loading=\"lazy\" title=\"PINOCCHIO 21-  Bande -Annonce\" width=\"500\" height=\"281\" src=\"https:\/\/www.youtube.com\/embed\/pxE9ArgWtFk?feature=oembed\" frameborder=\"0\" allow=\"accelerometer; autoplay; clipboard-write; encrypted-media; gyroscope; picture-in-picture; web-share\" referrerpolicy=\"strict-origin-when-cross-origin\" allowfullscreen><\/iframe>\n<\/div><\/figure>\n\n\n\n<div class=\"wp-block-columns is-layout-flex wp-container-core-columns-is-layout-28f84493 wp-block-columns-is-layout-flex\">\n<div class=\"wp-block-column is-layout-flow wp-block-column-is-layout-flow\">\n<h2 class=\"wp-block-heading\" id=\"style\"><strong>Style : <\/strong><\/h2>\n\n\n\n<p>Th\u00e9\u00e2tre tout public de 6 \u00e0 12 ans&nbsp;.<\/p>\n\n\n\n<h2 class=\"wp-block-heading\" id=\"histoire\"><strong>Histoire : <\/strong><\/h2>\n\n\n\n<p>Dr\u00f4le, philosophique et f\u00e9erique, cette libre adaptation du chef d\u2019\u0153uvre de Collodi s\u2019est ancr\u00e9e dans notre si\u00e8cle pour apporter une r\u00e9flexion nouvelle sur notre humanit\u00e9.<\/p>\n\n\n\n<p>Langage de rue, addiction aux \u00e9crans, interrogations subtiles sur le genre offrent un coup de jeune rafra\u00eechissant \u00e0 cette histoire que l&rsquo;on croyait conna\u00eetre. Les musiques de Gilles Lauret aux inspirations multiples, nous entra\u00eenent dans un univers aussi contemporain que f\u00e9erique. Un spectacle familial \u00e0 partir de 6 ans.<\/p>\n\n\n\n<h2 class=\"wp-block-heading\"><strong>Presse :<\/strong><\/h2>\n\n\n\n<p>\u00ab\u00a0Un tr\u00e8s bon trio de com\u00e9diens. Le c\u00e9l\u00e8bre conte est transcend\u00e9.\u00a0\u00bb MEDIAPART<\/p>\n\n\n\n<p>\u00ab\u00a0Le Pinocchio de Collodi se prend un sacr\u00e9 coup de jeune !\u00a0\u00bb LA TERRASSE<\/p>\n\n\n\n<p>\u00ab\u00a0Un spectacle malin et bien de son si\u00e8cle pour petits et grands.\u00a0\u00bb LA 1ere OUTRE-MER<\/p>\n\n\n\n<p>\u00ab\u00a0Cette pi\u00e8ce intelligente surprend agr\u00e9ablement par sa modernit\u00e9 et sa po\u00e9sie en offrant une vision savoureuse de notre soci\u00e9t\u00e9.\u00a0\u00bb SURLESPLANCHES.COM<\/p>\n\n\n\n<p>\u00ab\u00a0Une tr\u00e8s belle pi\u00e8ce, je conseille particuli\u00e8rement.\u00a0\u00bb Yann Seyller, CHERIE FM<\/p>\n\n\n\n<p>\u00ab\u00a0Une pi\u00e8ce Jeune Public dont la po\u00e9sie ne laisse pas indiff\u00e9rent les plus grands. On le conseille sans r\u00e9serve.\u00a0\u00bb Michel Reinette, RADIO TOMA<\/p>\n\n\n\n<p>\u00ab\u00a0Un grand bravo.\u00a0\u00bb VAUCLUSE MATIN<\/p>\n\n\n\n<p>\u00ab\u00a0Magnifique moment de th\u00e9\u00e2tre (\u2026) Le charme nous prend et ne nous l\u00e2chera \u00e0 aucun moment\u00a0\u00bb. LA TRIBUNE DES TRETEAUX<\/p>\n\n\n\n<p>\u00ab\u00a0La compagnie L\u00e9 La aborde des th\u00e9matiques \u00ab\u00a0de grands\u00a0\u00bb avec d\u00e9licatesse et po\u00e9sie : qu\u2019est-ce que grandir ? A-t-on toujours le choix ? Est-ce possible de changer ?\u00a0\u00bb BONGOU.RE<\/p>\n\n\n\n\n\n<h2 class=\"wp-block-heading\" id=\"equipe\"><strong>Equipe : <\/strong><\/h2>\n\n\n\n<ul class=\"wp-block-list\">\n<li>Mise en sc\u00e8ne : Antoine Chalard<\/li>\n\n\n\n<li>Avec : Florent Voisin ou Tom Almodar, Antoine Chalard, Florent Malburet et Gilles Lauret<\/li>\n\n\n\n<li>Musique&nbsp;: Gilles Lauret<\/li>\n\n\n\n<li>Cr\u00e9ation lumi\u00e8re : Julie Koo Seen Lin<\/li>\n\n\n\n<li>Costumes&nbsp;: Magali Castellan<\/li>\n\n\n\n<li>Photos : Ghislain Durif et Olivier Padre<\/li>\n\n\n\n<li>Participation vid\u00e9o : Nicolas Boeton<\/li>\n<\/ul>\n\n\n\n<h2 class=\"wp-block-heading\" id=\"date-de-creation\"><strong>Date de Cr\u00e9ation : <\/strong><\/h2>\n\n\n\n<p>19 novembre 2021<\/p>\n\n\n\n<h2 class=\"wp-block-heading\" id=\"lieux-de-representations\"><strong>Lieux de repr\u00e9sentations : <\/strong><\/h2>\n\n\n\n<p><strong>R\u00e9union :<\/strong><\/p>\n\n\n\n<p><\/p>\n\n\n\n<ul class=\"wp-block-list\">\n<li><strong>Saint-Pierre<\/strong>&nbsp;: Th\u00e9\u00e2tre Lucet Langenier, M\u00e9diath\u00e8que Angelo Lauret, Moulin \u00e0 caf\u00e9, EHPAD de Bois d&rsquo;Olive<\/li>\n\n\n\n<li><strong>Trois-Bassins<\/strong>&nbsp;: P\u00f4le Culturel L\u2019Alambic<\/li>\n\n\n\n<li><strong>Saint-Joseph<\/strong> : Gymnase de Vincendo<\/li>\n\n\n\n<li><strong>Le Tampon<\/strong>&nbsp;: Th\u00e9\u00e2tre Luc Donat, cit\u00e9 du Volcan, Ecole Ernest V\u00e9lia<\/li>\n\n\n\n<li><strong>Les Avirons<\/strong>&nbsp;: Salle Georges Brassens<\/li>\n\n\n\n<li><strong>Entre-Deux<\/strong> : Le Lanbrokin<\/li>\n\n\n\n<li><strong>Saint-Louis<\/strong> : IME<\/li>\n\n\n\n<li><strong>Saint-Paul<\/strong>&nbsp;: L\u00e9spas, Alefpa<\/li>\n\n\n\n<li><strong>Le Port<\/strong> : M\u00e9diath\u00e8que<\/li>\n\n\n\n<li><strong>Saint-Denis<\/strong>&nbsp;: Cit\u00e9 des Arts, M\u00e9diath\u00e8que Fran\u00e7ois Mitterrand<\/li>\n\n\n\n<li><strong>Saint-Andr\u00e9<\/strong> : Alefpa<\/li>\n\n\n\n<li><strong>Salazie<\/strong> : Salle Polyvalente d&rsquo;Hell-Bourg<\/li>\n\n\n\n<li><strong>Sainte-Rose<\/strong> : Coll\u00e8ge Th\u00e9r\u00e9sien cadet<\/li>\n<\/ul>\n\n\n\n<p><strong>Hexagone :<\/strong><\/p>\n\n\n\n<ul class=\"wp-block-list\">\n<li><strong>Avignon :<\/strong> Chapelle du Verbe Incarn\u00e9<\/li>\n\n\n\n<li><strong>Paris<\/strong> : Espace Paris Plaine<\/li>\n\n\n\n<li><strong>Vizille<\/strong> : Jeu de Paume<\/li>\n<\/ul>\n\n\n\n<p><strong>Martinique : <\/strong><\/p>\n\n\n\n<ul class=\"wp-block-list\">\n<li>Le Lamentin : Th\u00e9\u00e2tre Boikar\u00e9<\/li>\n\n\n\n<li>Saint-Joseph : Centre Culturel Marc\u00e9<\/li>\n<\/ul>\n\n\n\n<h2 class=\"wp-block-heading\"><strong>T\u00e9l\u00e9charger<\/strong> <a href=\"https:\/\/compagnielela.re\/wp-content\/uploads\/Pinocchio21-plaket-Dec2022-WEB.pdf\">le dossier de Pinocchio 21<\/a><\/h2>\n\n\n\n<h2 class=\"wp-block-heading\"><strong>T\u00e9l\u00e9charger<\/strong> <a href=\"https:\/\/compagnielela.re\/?attachment_id=670\">le dossier p\u00e9dagogique de Pinocchio 21<\/a><\/h2>\n\n\n<\/div>\n\n\n\n<div class=\"wp-block-column is-layout-flow wp-block-column-is-layout-flow\">\n<figure class=\"wp-block-image size-large\"><img loading=\"lazy\" decoding=\"async\" width=\"729\" height=\"1024\" src=\"https:\/\/compagnielela.re\/wp-content\/uploads\/Pinocchio21-A2-Paris-Plaine-BAT-729x1024.jpg\" alt=\"\" class=\"wp-image-665\" srcset=\"https:\/\/compagnielela.re\/wp-content\/uploads\/Pinocchio21-A2-Paris-Plaine-BAT-729x1024.jpg 729w, https:\/\/compagnielela.re\/wp-content\/uploads\/Pinocchio21-A2-Paris-Plaine-BAT-214x300.jpg 214w, https:\/\/compagnielela.re\/wp-content\/uploads\/Pinocchio21-A2-Paris-Plaine-BAT-768x1079.jpg 768w, https:\/\/compagnielela.re\/wp-content\/uploads\/Pinocchio21-A2-Paris-Plaine-BAT-1093x1536.jpg 1093w, https:\/\/compagnielela.re\/wp-content\/uploads\/Pinocchio21-A2-Paris-Plaine-BAT-1458x2048.jpg 1458w, https:\/\/compagnielela.re\/wp-content\/uploads\/Pinocchio21-A2-Paris-Plaine-BAT-800x1124.jpg 800w, https:\/\/compagnielela.re\/wp-content\/uploads\/Pinocchio21-A2-Paris-Plaine-BAT.jpg 1692w\" sizes=\"auto, (max-width: 729px) 100vw, 729px\" \/><\/figure>\n\n\n\n<figure class=\"wp-block-image size-large\"><img loading=\"lazy\" decoding=\"async\" width=\"1024\" height=\"576\" src=\"https:\/\/compagnielela.re\/wp-content\/uploads\/chat-renard-pino-1024x576.jpg\" alt=\"\" class=\"wp-image-664\" srcset=\"https:\/\/compagnielela.re\/wp-content\/uploads\/chat-renard-pino-1024x576.jpg 1024w, https:\/\/compagnielela.re\/wp-content\/uploads\/chat-renard-pino-300x169.jpg 300w, https:\/\/compagnielela.re\/wp-content\/uploads\/chat-renard-pino-768x432.jpg 768w, https:\/\/compagnielela.re\/wp-content\/uploads\/chat-renard-pino-1536x864.jpg 1536w, https:\/\/compagnielela.re\/wp-content\/uploads\/chat-renard-pino-2048x1152.jpg 2048w, https:\/\/compagnielela.re\/wp-content\/uploads\/chat-renard-pino-800x450.jpg 800w\" sizes=\"auto, (max-width: 1024px) 100vw, 1024px\" \/><\/figure>\n\n\n\n<figure class=\"wp-block-image size-large\"><img loading=\"lazy\" decoding=\"async\" width=\"1024\" height=\"1008\" src=\"https:\/\/compagnielela.re\/wp-content\/uploads\/2024\/04\/recadree-12-1024x1008.jpg\" alt=\"\" class=\"wp-image-849\" srcset=\"https:\/\/compagnielela.re\/wp-content\/uploads\/2024\/04\/recadree-12-1024x1008.jpg 1024w, https:\/\/compagnielela.re\/wp-content\/uploads\/2024\/04\/recadree-12-300x295.jpg 300w, https:\/\/compagnielela.re\/wp-content\/uploads\/2024\/04\/recadree-12-768x756.jpg 768w, https:\/\/compagnielela.re\/wp-content\/uploads\/2024\/04\/recadree-12-1536x1512.jpg 1536w, https:\/\/compagnielela.re\/wp-content\/uploads\/2024\/04\/recadree-12-2048x2016.jpg 2048w\" sizes=\"auto, (max-width: 1024px) 100vw, 1024px\" \/><\/figure>\n\n\n\n<figure class=\"wp-block-image size-large\"><img loading=\"lazy\" decoding=\"async\" width=\"1024\" height=\"697\" src=\"https:\/\/compagnielela.re\/wp-content\/uploads\/28-04-22-HD-\u00a9-Olivier-Padre-002b-1024x697.jpg\" alt=\"\" class=\"wp-image-617\" srcset=\"https:\/\/compagnielela.re\/wp-content\/uploads\/28-04-22-HD-\u00a9-Olivier-Padre-002b-1024x697.jpg 1024w, https:\/\/compagnielela.re\/wp-content\/uploads\/28-04-22-HD-\u00a9-Olivier-Padre-002b-300x204.jpg 300w, https:\/\/compagnielela.re\/wp-content\/uploads\/28-04-22-HD-\u00a9-Olivier-Padre-002b-768x523.jpg 768w, https:\/\/compagnielela.re\/wp-content\/uploads\/28-04-22-HD-\u00a9-Olivier-Padre-002b-1536x1046.jpg 1536w, https:\/\/compagnielela.re\/wp-content\/uploads\/28-04-22-HD-\u00a9-Olivier-Padre-002b-2048x1394.jpg 2048w, https:\/\/compagnielela.re\/wp-content\/uploads\/28-04-22-HD-\u00a9-Olivier-Padre-002b-800x545.jpg 800w\" sizes=\"auto, (max-width: 1024px) 100vw, 1024px\" \/><\/figure>\n\n\n\n<figure class=\"wp-block-image size-large\"><img loading=\"lazy\" decoding=\"async\" width=\"751\" height=\"1024\" src=\"https:\/\/compagnielela.re\/wp-content\/uploads\/2024\/04\/recadree-6-751x1024.jpg\" alt=\"\" class=\"wp-image-845\" srcset=\"https:\/\/compagnielela.re\/wp-content\/uploads\/2024\/04\/recadree-6-751x1024.jpg 751w, https:\/\/compagnielela.re\/wp-content\/uploads\/2024\/04\/recadree-6-220x300.jpg 220w, https:\/\/compagnielela.re\/wp-content\/uploads\/2024\/04\/recadree-6-768x1047.jpg 768w, https:\/\/compagnielela.re\/wp-content\/uploads\/2024\/04\/recadree-6-1126x1536.jpg 1126w, https:\/\/compagnielela.re\/wp-content\/uploads\/2024\/04\/recadree-6-1502x2048.jpg 1502w, https:\/\/compagnielela.re\/wp-content\/uploads\/2024\/04\/recadree-6-scaled.jpg 1877w\" sizes=\"auto, (max-width: 751px) 100vw, 751px\" \/><\/figure>\n\n\n\n<figure class=\"wp-block-image size-large\"><img loading=\"lazy\" decoding=\"async\" width=\"1024\" height=\"749\" src=\"https:\/\/compagnielela.re\/wp-content\/uploads\/29-04-22-HD-\u00a9-Olivier-Padre-143c-1024x749.jpg\" alt=\"\" class=\"wp-image-618\" srcset=\"https:\/\/compagnielela.re\/wp-content\/uploads\/29-04-22-HD-\u00a9-Olivier-Padre-143c-1024x749.jpg 1024w, https:\/\/compagnielela.re\/wp-content\/uploads\/29-04-22-HD-\u00a9-Olivier-Padre-143c-300x220.jpg 300w, https:\/\/compagnielela.re\/wp-content\/uploads\/29-04-22-HD-\u00a9-Olivier-Padre-143c-768x562.jpg 768w, https:\/\/compagnielela.re\/wp-content\/uploads\/29-04-22-HD-\u00a9-Olivier-Padre-143c-1536x1124.jpg 1536w, https:\/\/compagnielela.re\/wp-content\/uploads\/29-04-22-HD-\u00a9-Olivier-Padre-143c-800x585.jpg 800w, https:\/\/compagnielela.re\/wp-content\/uploads\/29-04-22-HD-\u00a9-Olivier-Padre-143c.jpg 1540w\" sizes=\"auto, (max-width: 1024px) 100vw, 1024px\" \/><\/figure>\n\n\n\n<figure class=\"wp-block-image size-large\"><img loading=\"lazy\" decoding=\"async\" width=\"943\" height=\"1024\" src=\"https:\/\/compagnielela.re\/wp-content\/uploads\/2024\/04\/recadree-5-943x1024.jpg\" alt=\"\" class=\"wp-image-846\" srcset=\"https:\/\/compagnielela.re\/wp-content\/uploads\/2024\/04\/recadree-5-943x1024.jpg 943w, https:\/\/compagnielela.re\/wp-content\/uploads\/2024\/04\/recadree-5-276x300.jpg 276w, https:\/\/compagnielela.re\/wp-content\/uploads\/2024\/04\/recadree-5-768x834.jpg 768w, https:\/\/compagnielela.re\/wp-content\/uploads\/2024\/04\/recadree-5-1415x1536.jpg 1415w, https:\/\/compagnielela.re\/wp-content\/uploads\/2024\/04\/recadree-5-1886x2048.jpg 1886w\" sizes=\"auto, (max-width: 943px) 100vw, 943px\" \/><\/figure>\n\n\n\n<figure class=\"wp-block-image size-large\"><img loading=\"lazy\" decoding=\"async\" width=\"1024\" height=\"683\" src=\"https:\/\/compagnielela.re\/wp-content\/uploads\/29-04-22-HD-\u00a9-Olivier-Padre-162-a-recadrer-1024x683.jpg\" alt=\"\" class=\"wp-image-621\" srcset=\"https:\/\/compagnielela.re\/wp-content\/uploads\/29-04-22-HD-\u00a9-Olivier-Padre-162-a-recadrer-1024x683.jpg 1024w, https:\/\/compagnielela.re\/wp-content\/uploads\/29-04-22-HD-\u00a9-Olivier-Padre-162-a-recadrer-300x200.jpg 300w, https:\/\/compagnielela.re\/wp-content\/uploads\/29-04-22-HD-\u00a9-Olivier-Padre-162-a-recadrer-768x512.jpg 768w, https:\/\/compagnielela.re\/wp-content\/uploads\/29-04-22-HD-\u00a9-Olivier-Padre-162-a-recadrer-1536x1024.jpg 1536w, https:\/\/compagnielela.re\/wp-content\/uploads\/29-04-22-HD-\u00a9-Olivier-Padre-162-a-recadrer-2048x1365.jpg 2048w, https:\/\/compagnielela.re\/wp-content\/uploads\/29-04-22-HD-\u00a9-Olivier-Padre-162-a-recadrer-800x533.jpg 800w\" sizes=\"auto, (max-width: 1024px) 100vw, 1024px\" \/><\/figure>\n\n\n\n<figure class=\"wp-block-image size-large\"><img loading=\"lazy\" decoding=\"async\" width=\"683\" height=\"1024\" src=\"https:\/\/compagnielela.re\/wp-content\/uploads\/J6A2913-CR2_DxO_DeepPRIME-683x1024.jpg\" alt=\"\" class=\"wp-image-600\" srcset=\"https:\/\/compagnielela.re\/wp-content\/uploads\/J6A2913-CR2_DxO_DeepPRIME-683x1024.jpg 683w, https:\/\/compagnielela.re\/wp-content\/uploads\/J6A2913-CR2_DxO_DeepPRIME-200x300.jpg 200w, https:\/\/compagnielela.re\/wp-content\/uploads\/J6A2913-CR2_DxO_DeepPRIME-768x1152.jpg 768w, https:\/\/compagnielela.re\/wp-content\/uploads\/J6A2913-CR2_DxO_DeepPRIME-1024x1536.jpg 1024w, https:\/\/compagnielela.re\/wp-content\/uploads\/J6A2913-CR2_DxO_DeepPRIME-1365x2048.jpg 1365w, https:\/\/compagnielela.re\/wp-content\/uploads\/J6A2913-CR2_DxO_DeepPRIME-800x1200.jpg 800w, https:\/\/compagnielela.re\/wp-content\/uploads\/J6A2913-CR2_DxO_DeepPRIME-scaled.jpg 1707w\" sizes=\"auto, (max-width: 683px) 100vw, 683px\" \/><\/figure>\n\n\n\n<figure class=\"wp-block-image size-large\"><img loading=\"lazy\" decoding=\"async\" width=\"820\" height=\"1024\" src=\"https:\/\/compagnielela.re\/wp-content\/uploads\/2024\/04\/recadree-18-820x1024.jpg\" alt=\"\" class=\"wp-image-847\" srcset=\"https:\/\/compagnielela.re\/wp-content\/uploads\/2024\/04\/recadree-18-820x1024.jpg 820w, https:\/\/compagnielela.re\/wp-content\/uploads\/2024\/04\/recadree-18-240x300.jpg 240w, https:\/\/compagnielela.re\/wp-content\/uploads\/2024\/04\/recadree-18-768x959.jpg 768w, https:\/\/compagnielela.re\/wp-content\/uploads\/2024\/04\/recadree-18-1230x1536.jpg 1230w, https:\/\/compagnielela.re\/wp-content\/uploads\/2024\/04\/recadree-18-1640x2048.jpg 1640w\" sizes=\"auto, (max-width: 820px) 100vw, 820px\" \/><\/figure>\n\n\n\n<figure class=\"wp-block-image size-large\"><img loading=\"lazy\" decoding=\"async\" width=\"1024\" height=\"616\" src=\"https:\/\/compagnielela.re\/wp-content\/uploads\/28-04-22-HD-\u00a9-Olivier-Padre-043b-1024x616.jpg\" alt=\"\" class=\"wp-image-622\" srcset=\"https:\/\/compagnielela.re\/wp-content\/uploads\/28-04-22-HD-\u00a9-Olivier-Padre-043b-1024x616.jpg 1024w, https:\/\/compagnielela.re\/wp-content\/uploads\/28-04-22-HD-\u00a9-Olivier-Padre-043b-300x180.jpg 300w, https:\/\/compagnielela.re\/wp-content\/uploads\/28-04-22-HD-\u00a9-Olivier-Padre-043b-768x462.jpg 768w, https:\/\/compagnielela.re\/wp-content\/uploads\/28-04-22-HD-\u00a9-Olivier-Padre-043b-1536x924.jpg 1536w, https:\/\/compagnielela.re\/wp-content\/uploads\/28-04-22-HD-\u00a9-Olivier-Padre-043b-2048x1232.jpg 2048w, https:\/\/compagnielela.re\/wp-content\/uploads\/28-04-22-HD-\u00a9-Olivier-Padre-043b-800x481.jpg 800w\" sizes=\"auto, (max-width: 1024px) 100vw, 1024px\" \/><\/figure>\n\n\n\n<figure class=\"wp-block-image size-large\"><img loading=\"lazy\" decoding=\"async\" width=\"819\" height=\"1024\" src=\"https:\/\/compagnielela.re\/wp-content\/uploads\/J6A3419-CR2_DxO_DeepPRIME-819x1024.jpg\" alt=\"\" class=\"wp-image-545\" srcset=\"https:\/\/compagnielela.re\/wp-content\/uploads\/J6A3419-CR2_DxO_DeepPRIME-819x1024.jpg 819w, https:\/\/compagnielela.re\/wp-content\/uploads\/J6A3419-CR2_DxO_DeepPRIME-240x300.jpg 240w, https:\/\/compagnielela.re\/wp-content\/uploads\/J6A3419-CR2_DxO_DeepPRIME-768x960.jpg 768w, https:\/\/compagnielela.re\/wp-content\/uploads\/J6A3419-CR2_DxO_DeepPRIME-1229x1536.jpg 1229w, https:\/\/compagnielela.re\/wp-content\/uploads\/J6A3419-CR2_DxO_DeepPRIME-1638x2048.jpg 1638w, https:\/\/compagnielela.re\/wp-content\/uploads\/J6A3419-CR2_DxO_DeepPRIME-800x1000.jpg 800w, https:\/\/compagnielela.re\/wp-content\/uploads\/J6A3419-CR2_DxO_DeepPRIME-scaled.jpg 2048w\" sizes=\"auto, (max-width: 819px) 100vw, 819px\" \/><\/figure>\n\n\n\n<figure class=\"wp-block-image size-large\"><img loading=\"lazy\" decoding=\"async\" width=\"683\" height=\"1024\" src=\"https:\/\/compagnielela.re\/wp-content\/uploads\/J6A2933-CR2_DxO_DeepPRIME-683x1024.jpg\" alt=\"\" class=\"wp-image-542\" srcset=\"https:\/\/compagnielela.re\/wp-content\/uploads\/J6A2933-CR2_DxO_DeepPRIME-683x1024.jpg 683w, https:\/\/compagnielela.re\/wp-content\/uploads\/J6A2933-CR2_DxO_DeepPRIME-200x300.jpg 200w, https:\/\/compagnielela.re\/wp-content\/uploads\/J6A2933-CR2_DxO_DeepPRIME-768x1152.jpg 768w, https:\/\/compagnielela.re\/wp-content\/uploads\/J6A2933-CR2_DxO_DeepPRIME-1024x1536.jpg 1024w, https:\/\/compagnielela.re\/wp-content\/uploads\/J6A2933-CR2_DxO_DeepPRIME-1366x2048.jpg 1366w, https:\/\/compagnielela.re\/wp-content\/uploads\/J6A2933-CR2_DxO_DeepPRIME-800x1200.jpg 800w, https:\/\/compagnielela.re\/wp-content\/uploads\/J6A2933-CR2_DxO_DeepPRIME-scaled.jpg 1707w\" sizes=\"auto, (max-width: 683px) 100vw, 683px\" \/><\/figure>\n\n\n\n<figure class=\"wp-block-image size-large\"><img loading=\"lazy\" decoding=\"async\" width=\"1024\" height=\"793\" src=\"https:\/\/compagnielela.re\/wp-content\/uploads\/2024\/04\/recadree-10-1024x793.jpg\" alt=\"\" class=\"wp-image-848\" srcset=\"https:\/\/compagnielela.re\/wp-content\/uploads\/2024\/04\/recadree-10-1024x793.jpg 1024w, https:\/\/compagnielela.re\/wp-content\/uploads\/2024\/04\/recadree-10-300x232.jpg 300w, https:\/\/compagnielela.re\/wp-content\/uploads\/2024\/04\/recadree-10-768x595.jpg 768w, https:\/\/compagnielela.re\/wp-content\/uploads\/2024\/04\/recadree-10-1536x1190.jpg 1536w, https:\/\/compagnielela.re\/wp-content\/uploads\/2024\/04\/recadree-10-2048x1586.jpg 2048w\" sizes=\"auto, (max-width: 1024px) 100vw, 1024px\" \/><\/figure>\n\n\n\n<figure class=\"wp-block-image size-large\"><img loading=\"lazy\" decoding=\"async\" width=\"683\" height=\"1024\" src=\"https:\/\/compagnielela.re\/wp-content\/uploads\/J6A3324-CR2_DxO_DeepPRIME-683x1024.jpg\" alt=\"\" class=\"wp-image-547\" srcset=\"https:\/\/compagnielela.re\/wp-content\/uploads\/J6A3324-CR2_DxO_DeepPRIME-683x1024.jpg 683w, https:\/\/compagnielela.re\/wp-content\/uploads\/J6A3324-CR2_DxO_DeepPRIME-200x300.jpg 200w, https:\/\/compagnielela.re\/wp-content\/uploads\/J6A3324-CR2_DxO_DeepPRIME-768x1152.jpg 768w, https:\/\/compagnielela.re\/wp-content\/uploads\/J6A3324-CR2_DxO_DeepPRIME-1024x1536.jpg 1024w, https:\/\/compagnielela.re\/wp-content\/uploads\/J6A3324-CR2_DxO_DeepPRIME-1365x2048.jpg 1365w, https:\/\/compagnielela.re\/wp-content\/uploads\/J6A3324-CR2_DxO_DeepPRIME-800x1200.jpg 800w, https:\/\/compagnielela.re\/wp-content\/uploads\/J6A3324-CR2_DxO_DeepPRIME-scaled.jpg 1707w\" sizes=\"auto, (max-width: 683px) 100vw, 683px\" \/><\/figure>\n\n\n\n<figure class=\"wp-block-image size-large\"><img loading=\"lazy\" decoding=\"async\" width=\"683\" height=\"1024\" src=\"https:\/\/compagnielela.re\/wp-content\/uploads\/J6A3291-CR2_DxO_DeepPRIME-683x1024.jpg\" alt=\"\" class=\"wp-image-544\" srcset=\"https:\/\/compagnielela.re\/wp-content\/uploads\/J6A3291-CR2_DxO_DeepPRIME-683x1024.jpg 683w, https:\/\/compagnielela.re\/wp-content\/uploads\/J6A3291-CR2_DxO_DeepPRIME-200x300.jpg 200w, https:\/\/compagnielela.re\/wp-content\/uploads\/J6A3291-CR2_DxO_DeepPRIME-768x1152.jpg 768w, https:\/\/compagnielela.re\/wp-content\/uploads\/J6A3291-CR2_DxO_DeepPRIME-1024x1536.jpg 1024w, https:\/\/compagnielela.re\/wp-content\/uploads\/J6A3291-CR2_DxO_DeepPRIME-1366x2048.jpg 1366w, https:\/\/compagnielela.re\/wp-content\/uploads\/J6A3291-CR2_DxO_DeepPRIME-800x1200.jpg 800w, https:\/\/compagnielela.re\/wp-content\/uploads\/J6A3291-CR2_DxO_DeepPRIME-scaled.jpg 1707w\" sizes=\"auto, (max-width: 683px) 100vw, 683px\" \/><\/figure>\n\n\n\n\n<\/div>\n<\/div>\n\n\n\n<h2 class=\"wp-block-heading\"><\/h2>\n\n\n","protected":false},"excerpt":{"rendered":"<p>PINOCCHIO 21 d&rsquo;Antoine Chalard Style : Th\u00e9\u00e2tre tout public de 6 \u00e0 12 ans&nbsp;. Histoire : Dr\u00f4le, philosophique et f\u00e9erique, cette libre adaptation du chef d\u2019\u0153uvre de Collodi s\u2019est ancr\u00e9e dans notre si\u00e8cle pour apporter une r\u00e9flexion nouvelle sur notre humanit\u00e9. Langage de rue, addiction aux \u00e9crans, interrogations subtiles sur le genre offrent un coup [&hellip;]<\/p>\n","protected":false},"author":3,"featured_media":0,"parent":65,"menu_order":4,"comment_status":"closed","ping_status":"closed","template":"","meta":{"site-sidebar-layout":"right-sidebar","site-content-layout":"","ast-site-content-layout":"default","site-content-style":"default","site-sidebar-style":"default","ast-global-header-display":"","ast-banner-title-visibility":"","ast-main-header-display":"","ast-hfb-above-header-display":"","ast-hfb-below-header-display":"","ast-hfb-mobile-header-display":"","site-post-title":"","ast-breadcrumbs-content":"","ast-featured-img":"","footer-sml-layout":"","ast-disable-related-posts":"","theme-transparent-header-meta":"","adv-header-id-meta":"","stick-header-meta":"","header-above-stick-meta":"","header-main-stick-meta":"","header-below-stick-meta":"","astra-migrate-meta-layouts":"set","ast-page-background-enabled":"default","ast-page-background-meta":{"desktop":{"background-color":"var(--ast-global-color-4)","background-image":"","background-repeat":"repeat","background-position":"center center","background-size":"auto","background-attachment":"scroll","background-type":"","background-media":"","overlay-type":"","overlay-color":"","overlay-opacity":"","overlay-gradient":""},"tablet":{"background-color":"","background-image":"","background-repeat":"repeat","background-position":"center center","background-size":"auto","background-attachment":"scroll","background-type":"","background-media":"","overlay-type":"","overlay-color":"","overlay-opacity":"","overlay-gradient":""},"mobile":{"background-color":"","background-image":"","background-repeat":"repeat","background-position":"center center","background-size":"auto","background-attachment":"scroll","background-type":"","background-media":"","overlay-type":"","overlay-color":"","overlay-opacity":"","overlay-gradient":""}},"ast-content-background-meta":{"desktop":{"background-color":"var(--ast-global-color-5)","background-image":"","background-repeat":"repeat","background-position":"center center","background-size":"auto","background-attachment":"scroll","background-type":"","background-media":"","overlay-type":"","overlay-color":"","overlay-opacity":"","overlay-gradient":""},"tablet":{"background-color":"var(--ast-global-color-5)","background-image":"","background-repeat":"repeat","background-position":"center center","background-size":"auto","background-attachment":"scroll","background-type":"","background-media":"","overlay-type":"","overlay-color":"","overlay-opacity":"","overlay-gradient":""},"mobile":{"background-color":"var(--ast-global-color-5)","background-image":"","background-repeat":"repeat","background-position":"center center","background-size":"auto","background-attachment":"scroll","background-type":"","background-media":"","overlay-type":"","overlay-color":"","overlay-opacity":"","overlay-gradient":""}},"footnotes":""},"class_list":["post-469","page","type-page","status-publish","hentry"],"_links":{"self":[{"href":"https:\/\/compagnielela.re\/index.php?rest_route=\/wp\/v2\/pages\/469","targetHints":{"allow":["GET"]}}],"collection":[{"href":"https:\/\/compagnielela.re\/index.php?rest_route=\/wp\/v2\/pages"}],"about":[{"href":"https:\/\/compagnielela.re\/index.php?rest_route=\/wp\/v2\/types\/page"}],"author":[{"embeddable":true,"href":"https:\/\/compagnielela.re\/index.php?rest_route=\/wp\/v2\/users\/3"}],"replies":[{"embeddable":true,"href":"https:\/\/compagnielela.re\/index.php?rest_route=%2Fwp%2Fv2%2Fcomments&post=469"}],"version-history":[{"count":44,"href":"https:\/\/compagnielela.re\/index.php?rest_route=\/wp\/v2\/pages\/469\/revisions"}],"predecessor-version":[{"id":935,"href":"https:\/\/compagnielela.re\/index.php?rest_route=\/wp\/v2\/pages\/469\/revisions\/935"}],"up":[{"embeddable":true,"href":"https:\/\/compagnielela.re\/index.php?rest_route=\/wp\/v2\/pages\/65"}],"wp:attachment":[{"href":"https:\/\/compagnielela.re\/index.php?rest_route=%2Fwp%2Fv2%2Fmedia&parent=469"}],"curies":[{"name":"wp","href":"https:\/\/api.w.org\/{rel}","templated":true}]}}